{"id":65,"date":"2011-06-17T13:41:46","date_gmt":"2011-06-17T11:41:46","guid":{"rendered":"http:\/\/www.lohmuehle-berlin.de\/blubb\/?page_id=65"},"modified":"2020-08-05T11:28:51","modified_gmt":"2020-08-05T09:28:51","slug":"verein","status":"publish","type":"page","link":"https:\/\/www.lohmuehle-berlin.de\/blubb\/wir-ueber-uns\/verein\/","title":{"rendered":"Verein"},"content":{"rendered":"<p><span>Der Verein \u201eKulturbanausen\u201c    wurde im Mai 1997 gegr\u00fcndet und mit der Nr. 17386N2 ins Berliner Vereinsregister    eingetragen. In der Vereinssatzung festgeschriebenes vorrangiges Ziel ist die    F\u00f6rderung kultureller und k\u00fcnstlerischer Eigeninitiativen von Jugendlichen    und Erwachsenen. Sitz des Vereins ist die LOHM\u00dcHLE-Berlin in der Lohm\u00fchlenstra\u00dfe    17 in 12435 Berlin-Treptow. Seit 2018 ist der Verein gemeinn\u00fctzig.<br \/>\n<\/span><\/p>\n<p>Der Verein leistet Hilfestellung bei der Umsetzung kreativer Ideen. Es gibt einen Veranstaltungsbereich mit B\u00fchne, Konzert- und Lichtanlage, einem beheizbaren Veranstaltungsraum f\u00fcr den Winter oder kleinere Veranstaltungen. Der Verein bietet Raum und logistische Hilfe f\u00fcr    beispielsweise  Theaterauff\u00fchrungen, Konzerte, Lesungen, Ausstellungen an    und kann,  falls erw\u00fcnscht, auch die Bewerbung der Veranstaltung mittels     Plakate, Flyer und Pressemitteilungen mit\u00fcbernehmen. Au\u00dferdem besitzt das Kollektiv einen gro\u00dfen Erfahrungsschatz und steht bei Projekten gerne mit Rat und Tat zur Seite.<\/p>\n<p>Alle angebotenen Veranstaltungen richten sich auf das Gemeinwohl und sind aus    diesem Grunde kostenlos. Seit mehreren Jahren arbeitet der Verein mit dem Fachbereich    Kultur des Bezirksamtes Treptow \/ K\u00f6penick zusammen, um auch Angebote bekannterer    Projekte kostenlos anbieten zu k\u00f6nnen.<\/p>\n<p>Also, ihr, die ihr eine klasse Idee habt, einfach mal nachgefragt!<\/p>\n","protected":false},"excerpt":{"rendered":"<p>Der Verein \u201eKulturbanausen\u201c wurde im Mai 1997 gegr\u00fcndet und mit der Nr. 17386N2 ins Berliner Vereinsregister eingetragen. In der Vereinssatzung festgeschriebenes vorrangiges Ziel ist die F\u00f6rderung kultureller und k\u00fcnstlerischer Eigeninitiativen von Jugendlichen und Erwachsenen. Sitz des Vereins ist die LOHM\u00dcHLE-Berlin in der Lohm\u00fchlenstra\u00dfe 17 in 12435 Berlin-Treptow. Seit 2018 ist der Verein gemeinn\u00fctzig. Der Verein [&hellip;]<\/p>\n","protected":false},"author":1,"featured_media":0,"parent":2,"menu_order":2,"comment_status":"closed","ping_status":"open","template":"","meta":{"ngg_post_thumbnail":0},"_links":{"self":[{"href":"https:\/\/www.lohmuehle-berlin.de\/blubb\/wp-json\/wp\/v2\/pages\/65"}],"collection":[{"href":"https:\/\/www.lohmuehle-berlin.de\/blubb\/wp-json\/wp\/v2\/pages"}],"about":[{"href":"https:\/\/www.lohmuehle-berlin.de\/blubb\/wp-json\/wp\/v2\/types\/page"}],"author":[{"embeddable":true,"href":"https:\/\/www.lohmuehle-berlin.de\/blubb\/wp-json\/wp\/v2\/users\/1"}],"replies":[{"embeddable":true,"href":"https:\/\/www.lohmuehle-berlin.de\/blubb\/wp-json\/wp\/v2\/comments?post=65"}],"version-history":[{"count":3,"href":"https:\/\/www.lohmuehle-berlin.de\/blubb\/wp-json\/wp\/v2\/pages\/65\/revisions"}],"predecessor-version":[{"id":1176,"href":"https:\/\/www.lohmuehle-berlin.de\/blubb\/wp-json\/wp\/v2\/pages\/65\/revisions\/1176"}],"up":[{"embeddable":true,"href":"https:\/\/www.lohmuehle-berlin.de\/blubb\/wp-json\/wp\/v2\/pages\/2"}],"wp:attachment":[{"href":"https:\/\/www.lohmuehle-berlin.de\/blubb\/wp-json\/wp\/v2\/media?parent=65"}],"curies":[{"name":"wp","href":"https:\/\/api.w.org\/{rel}","templated":true}]}}